{"id":508,"date":"2020-04-21T13:46:26","date_gmt":"2020-04-21T13:46:26","guid":{"rendered":"https:\/\/aks-kerpen.de\/wordpress\/?page_id=508"},"modified":"2020-04-21T13:53:23","modified_gmt":"2020-04-21T13:53:23","slug":"gemeinsames-lernen","status":"publish","type":"page","link":"https:\/\/aks-kerpen.de\/wordpress\/gemeinsames-lernen\/","title":{"rendered":"Gemeinsames Lernen"},"content":{"rendered":"\n<div class=\"wp-block-media-text alignwide has-media-on-the-right is-stacked-on-mobile is-image-fill\" style=\"grid-template-columns:auto 30%\"><figure class=\"wp-block-media-text__media\" style=\"background-image:url(https:\/\/aks-kerpen.de\/wordpress\/wp-content\/uploads\/2020\/04\/photo-of-woodpile-1787035-683x1024.jpg);background-position:50% 50%\"><img loading=\"lazy\" decoding=\"async\" width=\"683\" height=\"1024\" src=\"https:\/\/aks-kerpen.de\/wordpress\/wp-content\/uploads\/2020\/04\/photo-of-woodpile-1787035-683x1024.jpg\" alt=\"\" class=\"wp-image-512\" srcset=\"https:\/\/aks-kerpen.de\/wordpress\/wp-content\/uploads\/2020\/04\/photo-of-woodpile-1787035-683x1024.jpg 683w, https:\/\/aks-kerpen.de\/wordpress\/wp-content\/uploads\/2020\/04\/photo-of-woodpile-1787035-200x300.jpg 200w, https:\/\/aks-kerpen.de\/wordpress\/wp-content\/uploads\/2020\/04\/photo-of-woodpile-1787035-768x1152.jpg 768w, https:\/\/aks-kerpen.de\/wordpress\/wp-content\/uploads\/2020\/04\/photo-of-woodpile-1787035-1024x1536.jpg 1024w, https:\/\/aks-kerpen.de\/wordpress\/wp-content\/uploads\/2020\/04\/photo-of-woodpile-1787035-1365x2048.jpg 1365w, https:\/\/aks-kerpen.de\/wordpress\/wp-content\/uploads\/2020\/04\/photo-of-woodpile-1787035-scaled.jpg 1707w\" sizes=\"auto, (max-width: 683px) 100vw, 683px\" \/><\/figure><div class=\"wp-block-media-text__content\">\n<p>Die Adolph-Kolping-Schule ist eine Schule im gemeinsamen Lernen.<br>Unsere Angebote im Gemeinsamen Lernen (GL) f\u00fcr Sch\u00fclerinnen und Sch\u00fcler mit sonderp\u00e4dagogischem F\u00f6rderbedarf in den Bereichen:<\/p>\n<\/div><\/div>\n\n\n\n<p>Lernen<br>Emotionale und soziale Entwicklung<br>Geistige Entwicklung<br>Sprache<\/p>\n\n\n\n<p>Im Rahmen des gemeinsamen Lernens ist es wichtig, Eltern die Sorgen und \u00c4ngste zu nehmen, ihre Kinder k\u00f6nnen in der Regelschule nicht hinreichend gef\u00f6rdert werden. Dar\u00fcber hinaus wird gemeinsam der Lernweg regelm\u00e4\u00dfig \u00fcberpr\u00fcft und besprochen, welche Berufs- oder Schulwege den Kindern offenstehen.<\/p>\n\n\n\n<p>Beratung der Sch\u00fcler:<\/p>\n\n\n\n<p>Hauptaufgabe des gemeinsamen Lernens ist es, alle Sch\u00fcler und Sch\u00fclerinnen mit sonderp\u00e4dagogischen Unterst\u00fctzungsbedarf so zu f\u00f6rdern, dass sie im Regelunterricht ihren Bed\u00fcrfnissen entsprechend unterrichtet werden. Die Sch\u00fclerInnen werden individuell unterst\u00fctzt und in ihrem Lernprozess angeleitet.<\/p>\n\n\n\n<p>Inklusiver Unterricht:<\/p>\n\n\n\n<p>Seit diesem Schuljahr wird der inklusive Unterricht, neben der Doppelbesetzung von Regel- und F\u00f6rderschullehrer, auch im Rahmen einer sonderp\u00e4dagogischen Klassenleitung in der GL-Eingangsklasse umgesetzt.<\/p>\n\n\n\n<p>Weitere Angebote:<\/p>\n\n\n\n<p>Individuelle Beratung bei F\u00f6rderortwechsel oder F\u00f6rderschwerpunktwechsel, Diagnostisches Praktikum in anderen Schulen.<\/p>\n\n\n\n<p>Kooperationen:<\/p>\n\n\n\n<p>&#8211; mit dem Jugendamt<\/p>\n\n\n\n<p>&#8211; mit der Schulsozialarbeit<\/p>\n\n\n\n<p>&#8211; mit Therapeuten und \u00c4rzten<\/p>\n\n\n\n<p>&#8211; mit Reha-Beratern des Arbeitsamtes<\/p>\n\n\n\n<p>&#8211; mit dem Arbeitsamt im Rahmen der Berufsberatung<\/p>\n\n\n\n<p>&#8211; mit dem Sozialp\u00e4diatrischen Zentrum Horrem<\/p>\n\n\n\n<p>&#8211; mit verschiedenen Praktikumsstellen im Rhein-Erft-Kreis.<\/p>\n\n\n\n<p>Sie haben als Eltern jederzeit die M\u00f6glichkeit den Unterricht im Gemeinsamen Lernen kennenzulernen.<\/p>\n","protected":false},"excerpt":{"rendered":"<p>Die Adolph-Kolping-Schule ist eine Schule im gemeinsamen Lernen.Unsere Angebote im Gemeinsamen Lernen (GL) f\u00fcr Sch\u00fclerinnen und Sch\u00fcler mit sonderp\u00e4dagogischem F\u00f6rderbedarf in den Bereichen: LernenEmotionale und soziale EntwicklungGeistige EntwicklungSprache Im Rahmen des gemeinsamen Lernens ist es wichtig, Eltern die Sorgen und \u00c4ngste zu nehmen, ihre Kinder k\u00f6nnen in der Regelschule nicht hinreichend gef\u00f6rdert werden. Dar\u00fcber hinaus [&hellip;]<\/p>\n","protected":false},"author":1,"featured_media":0,"parent":0,"menu_order":0,"comment_status":"closed","ping_status":"closed","template":"","meta":{"footnotes":""},"class_list":["post-508","page","type-page","status-publish","hentry"],"_links":{"self":[{"href":"https:\/\/aks-kerpen.de\/wordpress\/wp-json\/wp\/v2\/pages\/508","targetHints":{"allow":["GET"]}}],"collection":[{"href":"https:\/\/aks-kerpen.de\/wordpress\/wp-json\/wp\/v2\/pages"}],"about":[{"href":"https:\/\/aks-kerpen.de\/wordpress\/wp-json\/wp\/v2\/types\/page"}],"author":[{"embeddable":true,"href":"https:\/\/aks-kerpen.de\/wordpress\/wp-json\/wp\/v2\/users\/1"}],"replies":[{"embeddable":true,"href":"https:\/\/aks-kerpen.de\/wordpress\/wp-json\/wp\/v2\/comments?post=508"}],"version-history":[{"count":0,"href":"https:\/\/aks-kerpen.de\/wordpress\/wp-json\/wp\/v2\/pages\/508\/revisions"}],"wp:attachment":[{"href":"https:\/\/aks-kerpen.de\/wordpress\/wp-json\/wp\/v2\/media?parent=508"}],"curies":[{"name":"wp","href":"https:\/\/api.w.org\/{rel}","templated":true}]}}