{"id":372,"date":"2020-04-01T09:29:15","date_gmt":"2020-04-01T09:29:15","guid":{"rendered":"https:\/\/aks-kerpen.de\/wordpress\/?page_id=372"},"modified":"2020-04-01T17:14:49","modified_gmt":"2020-04-01T17:14:49","slug":"unsere-kooperationspartner","status":"publish","type":"page","link":"https:\/\/aks-kerpen.de\/wordpress\/unsere-kooperationspartner\/","title":{"rendered":"Unsere Kooperationspartner"},"content":{"rendered":"\n<div class=\"wp-block-media-text alignwide is-stacked-on-mobile\"><figure class=\"wp-block-media-text__media\"><img loading=\"lazy\" decoding=\"async\" width=\"1024\" height=\"636\" src=\"https:\/\/aks-kerpen.de\/wordpress\/wp-content\/uploads\/2020\/04\/Aalberts-2-1024x636.jpg\" alt=\"\" class=\"wp-image-385\" srcset=\"https:\/\/aks-kerpen.de\/wordpress\/wp-content\/uploads\/2020\/04\/Aalberts-2-1024x636.jpg 1024w, https:\/\/aks-kerpen.de\/wordpress\/wp-content\/uploads\/2020\/04\/Aalberts-2-300x186.jpg 300w, https:\/\/aks-kerpen.de\/wordpress\/wp-content\/uploads\/2020\/04\/Aalberts-2-768x477.jpg 768w, https:\/\/aks-kerpen.de\/wordpress\/wp-content\/uploads\/2020\/04\/Aalberts-2-1536x954.jpg 1536w, https:\/\/aks-kerpen.de\/wordpress\/wp-content\/uploads\/2020\/04\/Aalberts-2-2048x1272.jpg 2048w\" sizes=\"auto, (max-width: 1024px) 100vw, 1024px\" \/><\/figure><div class=\"wp-block-media-text__content\">\n<p class=\"has-normal-font-size\"><a href=\"https:\/\/www.aalberts-st.com\/de\/\" target=\"_blank\" rel=\"noreferrer noopener\">Aalberts Surface Treatment<\/a><\/p>\n<\/div><\/div>\n\n\n\n<p>Eine Kooperation mit Aalberts Surface Treatment, einem lokalen Chemieunternehmen zur Oberfl\u00e4chenbeschichtung, ist im Februar 2020 ratifiziert worden. Die Sch\u00fcler und Sch\u00fclerinnen k\u00f6nnen Berufsfelderkundungen wie auch Praktika absolvieren. Die Fachleute des Unternehmens kommen zu Workshops in den Unterricht, wie Chemie, Mathematik oder Erdkunde. \u00a0<\/p>\n\n\n\n<div class=\"wp-block-media-text alignwide is-stacked-on-mobile\"><figure class=\"wp-block-media-text__media\"><img loading=\"lazy\" decoding=\"async\" width=\"933\" height=\"286\" src=\"https:\/\/aks-kerpen.de\/wordpress\/wp-content\/uploads\/2020\/04\/Arge-Br\u00fchl-2.png\" alt=\"\" class=\"wp-image-386\" srcset=\"https:\/\/aks-kerpen.de\/wordpress\/wp-content\/uploads\/2020\/04\/Arge-Br\u00fchl-2.png 933w, https:\/\/aks-kerpen.de\/wordpress\/wp-content\/uploads\/2020\/04\/Arge-Br\u00fchl-2-300x92.png 300w, https:\/\/aks-kerpen.de\/wordpress\/wp-content\/uploads\/2020\/04\/Arge-Br\u00fchl-2-768x235.png 768w\" sizes=\"auto, (max-width: 933px) 100vw, 933px\" \/><\/figure><div class=\"wp-block-media-text__content\">\n<p class=\"has-normal-font-size\"><a href=\"https:\/\/www.arbeitsagentur.de\/vor-ort\/bruehl\/startseite\" target=\"_blank\" rel=\"noreferrer noopener\">Bundesagentur f\u00fcr Arbeit Br\u00fchl<\/a><\/p>\n<\/div><\/div>\n\n\n\n<p>Des Weiteren hat die AKS eine Kooperation mit der Agentur f\u00fcr Arbeit. Die dortige Mitarbeiterin (eine zust\u00e4ndige Berufsberaterin) kommt zweimal im Monat in die AKS, um Sprechstunden mit den Sch\u00fclern abzuhalten und diese gezielt zu unterst\u00fctzen.<br>Auch an den Elternsprechtagen ist sie f\u00fcr Gespr\u00e4che im Hause.<\/p>\n\n\n\n<div class=\"wp-block-media-text alignwide is-stacked-on-mobile\"><figure class=\"wp-block-media-text__media\"><img loading=\"lazy\" decoding=\"async\" width=\"628\" height=\"130\" src=\"https:\/\/aks-kerpen.de\/wordpress\/wp-content\/uploads\/2020\/04\/Ausbildungszentrum-der-Bauindustrie-NRW-Kerpen-2.jpg\" alt=\"\" class=\"wp-image-387\" srcset=\"https:\/\/aks-kerpen.de\/wordpress\/wp-content\/uploads\/2020\/04\/Ausbildungszentrum-der-Bauindustrie-NRW-Kerpen-2.jpg 628w, https:\/\/aks-kerpen.de\/wordpress\/wp-content\/uploads\/2020\/04\/Ausbildungszentrum-der-Bauindustrie-NRW-Kerpen-2-300x62.jpg 300w\" sizes=\"auto, (max-width: 628px) 100vw, 628px\" \/><\/figure><div class=\"wp-block-media-text__content\">\n<p class=\"has-normal-font-size\"><a href=\"http:\/\/abz-kerpen.de\" target=\"_blank\" rel=\"noreferrer noopener\">Ausbildungszentrum der Bauindustrie NRW Kerpen<\/a><\/p>\n<\/div><\/div>\n\n\n\n<p>Die AKS hat Kooperationen mit dem ABZ (Ausbildungszentrum der Bauindustrie in Kerpen), die Berufsfelderkundungen in ihrem Hause wie auch Informationen zur weiteren Schulausbildung an ihrem Berufskolleg anbieten.<\/p>\n\n\n\n<div class=\"wp-block-media-text alignwide is-stacked-on-mobile\"><figure class=\"wp-block-media-text__media\"><img loading=\"lazy\" decoding=\"async\" width=\"500\" height=\"250\" src=\"https:\/\/aks-kerpen.de\/wordpress\/wp-content\/uploads\/2020\/04\/Kreissparkasse-Koeln-2.jpg\" alt=\"\" class=\"wp-image-388\" srcset=\"https:\/\/aks-kerpen.de\/wordpress\/wp-content\/uploads\/2020\/04\/Kreissparkasse-Koeln-2.jpg 500w, https:\/\/aks-kerpen.de\/wordpress\/wp-content\/uploads\/2020\/04\/Kreissparkasse-Koeln-2-300x150.jpg 300w\" sizes=\"auto, (max-width: 500px) 100vw, 500px\" \/><\/figure><div class=\"wp-block-media-text__content\">\n<p class=\"has-normal-font-size\"><a href=\"http:\/\/www.ksk-koeln.de\" target=\"_blank\" rel=\"noreferrer noopener\">Kreissparkasse K\u00f6ln<\/a><\/p>\n<\/div><\/div>\n\n\n\n<p>Eine weitere Kooperation besteht mit der Kreissparkasse K\u00f6ln, die Informationsveranstaltungen in den Klassen 7-10 zu verschiedenen Themen anbietet. Weiterhin k\u00f6nnen Berufsfelderkundungen und Praktika dort absolviert werden. Die Sparkasse sponsert unsere Mappen f\u00fcr die Praktika.<\/p>\n\n\n\n<div class=\"wp-block-media-text alignwide is-stacked-on-mobile\"><figure class=\"wp-block-media-text__media\"><img loading=\"lazy\" decoding=\"async\" width=\"353\" height=\"126\" src=\"https:\/\/aks-kerpen.de\/wordpress\/wp-content\/uploads\/2020\/04\/Porta-2.png\" alt=\"\" class=\"wp-image-389\" srcset=\"https:\/\/aks-kerpen.de\/wordpress\/wp-content\/uploads\/2020\/04\/Porta-2.png 353w, https:\/\/aks-kerpen.de\/wordpress\/wp-content\/uploads\/2020\/04\/Porta-2-300x107.png 300w\" sizes=\"auto, (max-width: 353px) 100vw, 353px\" \/><\/figure><div class=\"wp-block-media-text__content\">\n<p class=\"has-normal-font-size\"><a href=\"http:\/\/www.porta.de\" target=\"_blank\" rel=\"noreferrer noopener\">Porta M\u00f6belhaus<\/a><\/p>\n<\/div><\/div>\n\n\n\n<p>Dar\u00fcber hinaus hat die AKS eine Kooperation mit Porta. Porta f\u00fchrt in unserer Schule Bewerbertrainings durch. Unsere Sch\u00fcler k\u00f6nnen Berufsfelderkundungen und Praktika dort im Hause absolvieren. Porta sendet Ausbildungsbotschafter in den Unterricht, um aus der Praxis zu berichten.<\/p>\n\n\n\n<div style=\"height:68px\" aria-hidden=\"true\" class=\"wp-block-spacer\"><\/div>\n\n\n\n<p>Hospitationsm\u00f6glichkeiten mit dem Adolph-Kolping \u2013, Nell-Breuning Berufskolleg und dem Berufskolleg Bergheim werden seit dem Schuljahr 17\/18 f\u00fcr die 10. Klassen durchgef\u00fchrt.<\/p>\n\n\n\n<p>Des Weiteren arbeitet die Adolph-Kolping-Schule mit weiteren Unternehmen zusammen, die uns bei Berufsfelderkundungen, Praktika und unserer Berufsorientierungswoche unterst\u00fctzen, indem sie Referenten in die Schule senden oder den Jugendlichen Betriebsbesichtigungen vor Ort erm\u00f6glichen.<\/p>\n\n\n\n<p>Wir m\u00f6chten hierbei folgende Unternehmen nennen:<\/p>\n\n\n\n<p>Aldi, Kerpen<\/p>\n\n\n\n<p>Barmer, Bergheim<\/p>\n\n\n\n<p>BHW, Kerpen<\/p>\n\n\n\n<p>Boll&amp; Kirch, Kerpen<\/p>\n\n\n\n<p>Debeka, Erftstadt<\/p>\n\n\n\n<p>Eisenwerk, Br\u00fchl<\/p>\n\n\n\n<p>Handwerkskammer, K\u00f6ln<\/p>\n\n\n\n<p>Innung, H\u00fcrth &nbsp;&nbsp;&nbsp;&nbsp;&nbsp;&nbsp;&nbsp; (KFZ-, Elektro-, Maler- und Heizung-Sanit\u00e4rbereiche)<\/p>\n\n\n\n<p>Karriereberatung Bundeswehr, J\u00fclich<\/p>\n\n\n\n<p>Lidl, Kerpen<\/p>\n\n\n\n<p>Obi, Kerpen<\/p>\n\n\n\n<p>RWE, Bergheim sowie die lokalen KFZ- und Friseurunternehmen.<\/p>\n","protected":false},"excerpt":{"rendered":"<p>Aalberts Surface Treatment Eine Kooperation mit Aalberts Surface Treatment, einem lokalen Chemieunternehmen zur Oberfl\u00e4chenbeschichtung, ist im Februar 2020 ratifiziert worden. Die Sch\u00fcler und Sch\u00fclerinnen k\u00f6nnen Berufsfelderkundungen wie auch Praktika absolvieren. Die Fachleute des Unternehmens kommen zu Workshops in den Unterricht, wie Chemie, Mathematik oder Erdkunde. \u00a0 Bundesagentur f\u00fcr Arbeit Br\u00fchl Des Weiteren hat die AKS [&hellip;]<\/p>\n","protected":false},"author":1,"featured_media":0,"parent":0,"menu_order":0,"comment_status":"closed","ping_status":"closed","template":"","meta":{"footnotes":""},"class_list":["post-372","page","type-page","status-publish","hentry"],"_links":{"self":[{"href":"https:\/\/aks-kerpen.de\/wordpress\/wp-json\/wp\/v2\/pages\/372","targetHints":{"allow":["GET"]}}],"collection":[{"href":"https:\/\/aks-kerpen.de\/wordpress\/wp-json\/wp\/v2\/pages"}],"about":[{"href":"https:\/\/aks-kerpen.de\/wordpress\/wp-json\/wp\/v2\/types\/page"}],"author":[{"embeddable":true,"href":"https:\/\/aks-kerpen.de\/wordpress\/wp-json\/wp\/v2\/users\/1"}],"replies":[{"embeddable":true,"href":"https:\/\/aks-kerpen.de\/wordpress\/wp-json\/wp\/v2\/comments?post=372"}],"version-history":[{"count":0,"href":"https:\/\/aks-kerpen.de\/wordpress\/wp-json\/wp\/v2\/pages\/372\/revisions"}],"wp:attachment":[{"href":"https:\/\/aks-kerpen.de\/wordpress\/wp-json\/wp\/v2\/media?parent=372"}],"curies":[{"name":"wp","href":"https:\/\/api.w.org\/{rel}","templated":true}]}}