{"id":1584,"date":"2024-08-22T09:57:03","date_gmt":"2024-08-22T09:57:03","guid":{"rendered":"https:\/\/aks-kerpen.de\/wordpress\/?page_id=1584"},"modified":"2024-08-22T10:02:20","modified_gmt":"2024-08-22T10:02:20","slug":"mns-procloud","status":"publish","type":"page","link":"https:\/\/aks-kerpen.de\/wordpress\/mns-procloud\/","title":{"rendered":"MNS ProCloud"},"content":{"rendered":"\n<p>Seit Ende des letzten Schuljahres benutzt unsere Schule die MNS ProCloud der Firma AIX Concept zur digitalen Zusammenarbeit in der Schule.<br>Alle Sch\u00fclerinnen und Sch\u00fcler bekommen hierzu Zugriff und k\u00f6nnen unterschiedlichste Dinge im schulischen Alltag damit erledigen.<br><br>Der Link zur Cloud lautet: <a href=\"http:\/\/my.mnspro.cloud\">my.mnspro.cloud <\/a><\/p>\n\n\n\n<p><\/p>\n","protected":false},"excerpt":{"rendered":"<p>Seit Ende des letzten Schuljahres benutzt unsere Schule die MNS ProCloud der Firma AIX Concept zur digitalen Zusammenarbeit in der Schule.Alle Sch\u00fclerinnen und Sch\u00fcler bekommen hierzu Zugriff und k\u00f6nnen unterschiedlichste Dinge im schulischen Alltag damit erledigen. Der Link zur Cloud lautet: my.mnspro.cloud<\/p>\n","protected":false},"author":1,"featured_media":0,"parent":0,"menu_order":0,"comment_status":"closed","ping_status":"closed","template":"","meta":{"footnotes":""},"class_list":["post-1584","page","type-page","status-publish","hentry"],"_links":{"self":[{"href":"https:\/\/aks-kerpen.de\/wordpress\/wp-json\/wp\/v2\/pages\/1584","targetHints":{"allow":["GET"]}}],"collection":[{"href":"https:\/\/aks-kerpen.de\/wordpress\/wp-json\/wp\/v2\/pages"}],"about":[{"href":"https:\/\/aks-kerpen.de\/wordpress\/wp-json\/wp\/v2\/types\/page"}],"author":[{"embeddable":true,"href":"https:\/\/aks-kerpen.de\/wordpress\/wp-json\/wp\/v2\/users\/1"}],"replies":[{"embeddable":true,"href":"https:\/\/aks-kerpen.de\/wordpress\/wp-json\/wp\/v2\/comments?post=1584"}],"version-history":[{"count":0,"href":"https:\/\/aks-kerpen.de\/wordpress\/wp-json\/wp\/v2\/pages\/1584\/revisions"}],"wp:attachment":[{"href":"https:\/\/aks-kerpen.de\/wordpress\/wp-json\/wp\/v2\/media?parent=1584"}],"curies":[{"name":"wp","href":"https:\/\/api.w.org\/{rel}","templated":true}]}}